e the highest common divisor of 954 and 38570274.
18
What is the highest common divisor of 9439 and 87?
1
What is the greatest common divisor of 47240 and 50824335?
5905
Calculate the highest common divisor of 562792 and 10300.
412
Calculate the greatest common factor of 4785 and 270222.
87
Calculate the greatest common divisor of 2677158 and 551826.
594
What is the highest common factor of 37202 and 1238?
2
Calculate the highest common divisor of 47718 and 657.
9
What is the highest common divisor of 1014448 and 243601?
3337
What is the highest common factor of 102 and 3917684?
34
Calculate the greatest common divisor of 6075 and 58936275.
675
What is the greatest common factor of 288 and 19543824?
144
Calculate the highest common factor of 3502 and 8441146.
34
What is the highest common divisor of 1 and 4333673?
1
What is the greatest common factor of 125179560 and 8?
8
What is the highest common divisor of 83759 and 1307929?
6443
Calculate the greatest common divisor of 1599284 and 8468.
292
What is the greatest common divisor of 6024 and 323712?
24
What is the greatest common divisor of 5050 and 8230?
10
Calculate the greatest common divisor of 218 and 2906485.
109
What is the greatest common factor of 2986242 and 3686?
194
Calculate the highest common factor of 1414166 and 1932788.
2834
What is the highest common divisor of 26670 and 47?
1
Calculate the greatest common divisor of 873437175 and 585.
585
What is the greatest common divisor of 39 and 995735?
13
What is the greatest common factor of 15 and 152888220?
15
Calculate the highest common divisor of 246560 and 95810.
670
What is the highest common divisor of 1324356 and 23622?
762
Calculate the greatest common factor of 6622 and 21495958.
946
What is the greatest common factor of 1320 and 8333688?
264
What is the highest common divisor of 389120 and 1110?
10
Calculate the highest common factor of 1589113 and 1184.
37
Calculate the greatest common factor of 1080673696 and 64.
32
Calculate the greatest common divisor of 7002411 and 156.
39
Calculate the greatest common divisor of 4673759 and 35258.
1037
Calculate the highest common factor of 6078898 and 2489.
19
Calculate the highest common divisor of 82946 and 449394.
1238
What is the highest common divisor of 15453561 and 816?
51
Calculate the highest common factor of 830 and 7598580.
10
Calculate the greatest common factor of 2496 and 3278808.
312
Calculate the highest common factor of 37200 and 14912922.
186
What is the greatest common factor of 14620440 and 292?
292
Calculate the highest common factor of 405195235 and 8170.
4085
What is the highest common divisor of 7306 and 26858?
26
What is the greatest common divisor of 390 and 14134406?
26
What is the highest common divisor of 7668683 and 36432?
253
Calculate the greatest common divisor of 43863352 and 6734.
962
Calculate the highest common divisor of 55377 and 6538588.
2051
What is the highest common divisor of 581281 and 853213?
527
What is the highest common divisor of 299360 and 65280?
160
What is the greatest common divisor of 1230339 and 54549?
33
What is the greatest common factor of 1390101531 and 4186?
2093
Calculate the greatest common factor of 18 and 696038085.
9
What is the highest common factor of 416931801 and 1254?
627
Calculate the greatest common factor of 1000 and 10847952.
8
What is the greatest common factor of 468912 and 432?
48
What is the highest common divisor of 48 and 193794648?
24
Calculate the highest common factor of 1242 and 40009842.
54
What is the greatest common factor of 1113312 and 2076?
12
What is the greatest common factor of 9656 and 48408?
8
Calculate the highest common divisor of 21006 and 377136.
54
Calculate the greatest common divisor of 3210284 and 351967.
539
What is the greatest common factor of 50826 and 21113946?
258
What is the greatest common factor of 1371383 and 2652?
13
Calculate the greatest common divisor of 30678 and 1194.
6
Calculate the highest common factor of 4736 and 308864.
128
What is the highest common divisor of 5157 and 252036?
9
What is the highest common factor of 157157 and 4893889?
1001
Calculate the highest common factor of 52250 and 49115.
1045
Calculate the greatest common divisor of 67321 and 191613.
23
Calculate the greatest common factor of 9441 and 2439.
9
What is the greatest common divisor of 34237308 and 36?
12
Calculate the greatest common divisor of 444593 and 4528.
283
What is the highest common factor of 12136 and 5644757?
1517
What is the highest common factor of 5909540 and 18980?
260
What is the greatest common divisor of 24 and 2002438356?
12
Calculate the highest common factor of 1456 and 532.
28
Calculate the greatest common factor of 4895 and 4471093.
979
Calculate the greatest common divisor of 20582 and 268550.
82
Calculate the highest common divisor of 917 and 16904279.
7
Calculate the greatest common divisor of 23964 and 6808.
4
Calculate the greatest common factor of 179908 and 206312.
164
What is the highest common divisor of 2549680 and 10150?
2030
What is the highest common divisor of 2754 and 50256369?
1377
What is the greatest common factor of 3648 and 1662690?
114
Calculate the highest common factor of 303911 and 4498840.
2393
Calculate the greatest common divisor of 3207370 and 774.
86
Calculate the highest common divisor of 611823145 and 5465.
5465
Calculate the highest common divisor of 10521 and 1423341.
1503
Calculate the highest common factor of 3350 and 966676.
134
What is the greatest common factor of 1350111 and 755352?
807
Calculate the highest common divisor of 394375 and 168477.
631
What is the greatest common factor of 3400 and 27856900?
100
What is the highest common factor of 219905 and 2346134?
721
What is the greatest common factor of 80928 and 38880?
288
Calculate the greatest common divisor of 1619084344 and 13177.
13177
Calculate the greatest common factor of 560938 and 3112.
778
What is the highest common factor of 802422 and 270?
18
Calculate the greatest common factor of 591734 and 325.
13
What is the highest common divisor of 1031614 and 8282?
202
What is the highest common divisor of 1368288 and 108?
36
Calculate the highest common factor of 271611 and 48052.
293
Calculate the highest common factor of 11194719 and 1239.
177
Calculate the greatest common divisor of 1364 and 223916.
44
Calculate the highest common divisor of 208 and 1684306.
26
What is the highest common factor of 1256916 and 324?
12
Calculate the greatest common divisor of 312885 and 2970.
45
Calculate the highest common factor of 644441 and 3913.
301
Calculate the greatest common divisor of 178688 and 11128.
8
What is the greatest common factor of 606 and 295534686?
606
Calculate the highest common factor of 27971751 and 9705.
1941
Calculate the highest common factor of 33943 and 101083.
373
Calculate the highest common divisor of 753 and 15904113.
753
What is the greatest common divisor of 122 and 102411497?
61
Calculate the greatest common divisor of 824 and 2903982.
206
What is the highest common divisor of 1391992644 and 12?
12
Calculate the greatest common divisor of 81 and 8835939.
27
Calculate the greatest common factor of 167020 and 575330.
70
Calculate the greatest common divisor of 1912270962 and 14.
14
Calculate the highest common divisor of 536 and 4588361.
67
What is the greatest common factor of 23226 and 4080?
6
What is the greatest common divisor of 6884074 and 35738?
334
Calculate the highest common factor of 14 and 426665855.
7
What is the greatest common factor of 2900 and 2938900?
100
Calculate the highest common factor of 1651778690 and 10.
10
Calculate the highest common factor of 69861 and 785697.
957
What is the highest common divisor of 37178982 and 558?
558
What is the highest common divisor of 73108 and 1006?
2
Calculate the greatest common factor of 5152 and 482888.
56
What is the greatest common divisor of 7056456 and 264?
264
What is the greatest common divisor of 14 and 47030204?
2
What is the greatest common factor of 9300 and 850764?
372
What is the highest common factor of 18297996 and 470232?
3732
Calculate the highest common factor of 187023 and 157356.
93
What is the highest common divisor of 1576 and 40864892?
788
What is the greatest common